{"id":98,"date":"2015-06-27T23:03:22","date_gmt":"2015-06-27T21:03:22","guid":{"rendered":"http:\/\/vvnh.de\/?page_id=98"},"modified":"2026-03-21T06:34:38","modified_gmt":"2026-03-21T05:34:38","slug":"unser-vorstand","status":"publish","type":"page","link":"https:\/\/www.vvnh.de\/?page_id=98","title":{"rendered":"Unser Vorstand"},"content":{"rendered":"\n<figure class=\"wp-block-table is-style-stripes\"><table><tbody><tr><td> <p style=\"text-align: center;\"><b>Funktion<\/b><\/p><\/td><td><b>Vorname<\/b><\/td><td><b>Nachname<\/b><\/td><td><\/td><\/tr><tr><td>Vorstand<\/td><td>Kai<\/td><td>B\u00fcchsensch\u00fctz<\/td><td>Naturschutz und Landschaftspflege<\/td><\/tr><tr><td>Vorstand<\/td><td>Annabelle<\/td><td>Nickel<\/td><td>Dorfversch\u00f6nerung und Ortsvereine<\/td><\/tr><tr><td>Vorstand<\/td><td>Agata<\/td><td>Ligier<\/td><td>Finanzen<\/td><\/tr><tr><td>Vorstand<\/td><td>Martin<\/td><td>Hirschh\u00e4user<\/td><td>Organisation &amp; Vereinsger\u00e4te<\/td><\/tr><tr><td>Kinder- und Jugendbeauftragte<\/td><td>Sarah<\/td><td>Woidich<\/td><td>&nbsp;<\/td><\/tr><tr><td>Beisitzer<br>Geschichte<\/td><td>Wolfgang<\/td><td>Kissel<\/td><td><\/td><\/tr><tr><td>Beisitzerin<br>Mittagstisch<\/td><td>Monika<\/td><td>G\u00f6ltl<\/td><td>&nbsp;<\/td><\/tr><tr><td>Beisitzer<br>BeNe<\/td><td>Petra<\/td><td>Mursch<\/td><td><\/td><\/tr><\/tbody><\/table><\/figure>\n","protected":false},"excerpt":{"rendered":"<p>Funktion Vorname Nachname Vorstand Kai B\u00fcchsensch\u00fctz Naturschutz und Landschaftspflege Vorstand Annabelle Nickel Dorfversch\u00f6nerung und Ortsvereine Vorstand Agata Ligier Finanzen Vorstand Martin Hirschh\u00e4user Organisation &amp; Vereinsger\u00e4te Kinder- und Jugendbeauftragte Sarah Woidich &nbsp; BeisitzerGeschichte Wolfgang Kissel BeisitzerinMittagstisch Monika G\u00f6ltl &nbsp; BeisitzerBeNe Petra Mursch<\/p>\n","protected":false},"author":1,"featured_media":0,"parent":0,"menu_order":0,"comment_status":"closed","ping_status":"open","template":"","meta":{"footnotes":""},"class_list":["post-98","page","type-page","status-publish"],"jetpack_sharing_enabled":true,"jetpack_shortlink":"https:\/\/wp.me\/PaHfSb-1A","_links":{"self":[{"href":"https:\/\/www.vvnh.de\/index.php?rest_route=\/wp\/v2\/pages\/98","targetHints":{"allow":["GET"]}}],"collection":[{"href":"https:\/\/www.vvnh.de\/index.php?rest_route=\/wp\/v2\/pages"}],"about":[{"href":"https:\/\/www.vvnh.de\/index.php?rest_route=\/wp\/v2\/types\/page"}],"author":[{"embeddable":true,"href":"https:\/\/www.vvnh.de\/index.php?rest_route=\/wp\/v2\/users\/1"}],"replies":[{"embeddable":true,"href":"https:\/\/www.vvnh.de\/index.php?rest_route=%2Fwp%2Fv2%2Fcomments&post=98"}],"version-history":[{"count":12,"href":"https:\/\/www.vvnh.de\/index.php?rest_route=\/wp\/v2\/pages\/98\/revisions"}],"predecessor-version":[{"id":650,"href":"https:\/\/www.vvnh.de\/index.php?rest_route=\/wp\/v2\/pages\/98\/revisions\/650"}],"wp:attachment":[{"href":"https:\/\/www.vvnh.de\/index.php?rest_route=%2Fwp%2Fv2%2Fmedia&parent=98"}],"curies":[{"name":"wp","href":"https:\/\/api.w.org\/{rel}","templated":true}]}}